{"id":1446,"date":"2023-11-13T18:55:49","date_gmt":"2023-11-13T17:55:49","guid":{"rendered":"https:\/\/familiezahn.de\/?page_id=1446"},"modified":"2023-12-05T07:48:47","modified_gmt":"2023-12-05T06:48:47","slug":"der-familientag-2022-in-moers-informationen","status":"publish","type":"page","link":"https:\/\/familiezahn.de\/en\/der-familientag-2022-in-moers-informationen\/","title":{"rendered":"Der Familientag 2022 in Moers &#8211; Informationen"},"content":{"rendered":"<div class=\"wpb-content-wrapper\"><div class=\"vc_row wpb_row vc_row-fluid dt-default\" style=\"margin-top: 0px;margin-bottom: 0px\"><div class=\"wpb_column vc_column_container vc_col-sm-12\"><div class=\"vc_column-inner\"><div class=\"wpb_wrapper\"><div class=\"ult-spacer spacer-69f2d73923265\" data-id=\"69f2d73923265\" data-height=\"40\" data-height-mobile=\"40\" data-height-tab=\"40\" data-height-tab-portrait=\"\" data-height-mobile-landscape=\"\" style=\"clear:both;display:block;\"><\/div><\/div><\/div><\/div><\/div><div class=\"vc_row wpb_row vc_row-fluid dt-default\" style=\"margin-top: 0px;margin-bottom: 0px\"><div class=\"wpb_column vc_column_container vc_col-sm-4\"><div class=\"vc_column-inner\"><div class=\"wpb_wrapper\"><div class=\"vc_empty_space\"   style=\"height: 32px\"><span class=\"vc_empty_space_inner\"><\/span><\/div><\/div><\/div><\/div><div class=\"wpb_column vc_column_container vc_col-sm-8\"><div class=\"vc_column-inner\"><div class=\"wpb_wrapper\"><section class=\"shortcode-teaser img-full\"><div class=\"shortcode-teaser-content text-big\"><h4>Anmeldung: Bitte meldet euch bis zum 01.06. 2022 an, indem ihr das Anmeldeformular ausgef\u00fcllt an Sabine sendet (Adresse s.u.).<span class=\"Apple-converted-space\">\u00a0<\/span><\/h4>\n<h4>Hotelreservierung: Wir haben bis zum 15.06.2022 im Hotel \u201eDampfm\u00fchle\u201c in Neukirchen-Vluyn ein Zimmerkontingent reserviert (Stichwort \u201eFamilie Zahn\u201c). Die Preise betragen \u20ac 70,00 f\u00fcr ein Einzelzimmer und \u20ac 90,00 f\u00fcr ein Doppelzimmer (jeweils inkl. Fr\u00fchst\u00fcck). Bei Interesse bitten wir Euch, direkt dort zu buchen (Adresse s.u.).<span class=\"Apple-converted-space\">\u00a0<\/span><\/h4>\n<h4>Abendessen: finden am Freitag, 30.09, und Samstag, 01.10., im Hotel \u201eDampfm\u00fchle\u201c im Restaurant \u201eJule \u0301s\u201c statt. Wir speisen \u00e0 la Carte. Jeder bezahlt bitte selbst.<span class=\"Apple-converted-space\">\u00a0<\/span><\/h4>\n<p>&nbsp;<\/p>\n<h2>Adressen<\/h2>\n<div class=\"page\" title=\"Page 1\">\n<div class=\"layoutArea\">\n<div class=\"column\">\n<h3>Hotel \u201eDampfmu\u0308hle\u201c<\/h3>\n<h4>Krefelder Stra\u00dfe 9, 47506 Neukirchen-Vlyn<\/h4>\n<h3>Grafschafter Wirtshaus<\/h3>\n<h4>Kastell 5, 47441 Moers<\/h4>\n<h3>Zahn \u0301sches Familienarchiv<\/h3>\n<h4>Wilhelm-Schr\u00f6der-Stra\u00dfe 10, 47441 Moers<\/h4>\n<h3>Zahn \u0301scher Familienfriedhof<\/h3>\n<h4>Vinner Stra\u00dfe 75, 47447 Moers<\/h4>\n<h3>Schloss Moers<\/h3>\n<h4>Kastell 9, 47441 Moers<\/h4>\n<h3>Martinstift<\/h3>\n<p>&nbsp;<\/p>\n<\/div>\n<\/div>\n<\/div>\n<\/div><\/section><\/div><\/div><\/div><div class=\"wpb_column vc_column_container vc_col-sm-12\"><div class=\"vc_column-inner\"><div class=\"wpb_wrapper\"><\/div><\/div><\/div><\/div>\n<\/div>","protected":false},"excerpt":{"rendered":"","protected":false},"author":2,"featured_media":0,"parent":0,"menu_order":0,"comment_status":"closed","ping_status":"closed","template":"","meta":{"footnotes":""},"class_list":["post-1446","page","type-page","status-publish","hentry","description-off"],"yoast_head":"<!-- This site is optimized with the Yoast SEO plugin v26.6 - https:\/\/yoast.com\/wordpress\/plugins\/seo\/ -->\n<title>Der Familientag 2022 in Moers - Informationen - Familie Zahn<\/title>\n<meta name=\"robots\" content=\"index, follow, max-snippet:-1, max-image-preview:large, max-video-preview:-1\" \/>\n<link rel=\"canonical\" href=\"https:\/\/familiezahn.de\/en\/der-familientag-2022-in-moers-informationen\/\" \/>\n<meta property=\"og:locale\" content=\"en_US\" \/>\n<meta property=\"og:type\" content=\"article\" \/>\n<meta property=\"og:title\" content=\"Der Familientag 2022 in Moers - Informationen - Familie Zahn\" \/>\n<meta property=\"og:url\" content=\"https:\/\/familiezahn.de\/en\/der-familientag-2022-in-moers-informationen\/\" \/>\n<meta property=\"og:site_name\" content=\"Familie Zahn\" \/>\n<meta property=\"article:modified_time\" content=\"2023-12-05T06:48:47+00:00\" \/>\n<meta name=\"twitter:card\" content=\"summary_large_image\" \/>\n<meta name=\"twitter:label1\" content=\"Est. reading time\" \/>\n\t<meta name=\"twitter:data1\" content=\"1 minute\" \/>\n<script type=\"application\/ld+json\" class=\"yoast-schema-graph\">{\"@context\":\"https:\/\/schema.org\",\"@graph\":[{\"@type\":\"WebPage\",\"@id\":\"https:\/\/familiezahn.de\/der-familientag-2022-in-moers-informationen\/\",\"url\":\"https:\/\/familiezahn.de\/der-familientag-2022-in-moers-informationen\/\",\"name\":\"Der Familientag 2022 in Moers - Informationen - Familie Zahn\",\"isPartOf\":{\"@id\":\"https:\/\/familiezahn.de\/#website\"},\"datePublished\":\"2023-11-13T17:55:49+00:00\",\"dateModified\":\"2023-12-05T06:48:47+00:00\",\"breadcrumb\":{\"@id\":\"https:\/\/familiezahn.de\/der-familientag-2022-in-moers-informationen\/#breadcrumb\"},\"inLanguage\":\"en-US\",\"potentialAction\":[{\"@type\":\"ReadAction\",\"target\":[\"https:\/\/familiezahn.de\/der-familientag-2022-in-moers-informationen\/\"]}]},{\"@type\":\"BreadcrumbList\",\"@id\":\"https:\/\/familiezahn.de\/der-familientag-2022-in-moers-informationen\/#breadcrumb\",\"itemListElement\":[{\"@type\":\"ListItem\",\"position\":1,\"name\":\"Startseite\",\"item\":\"https:\/\/familiezahn.de\/\"},{\"@type\":\"ListItem\",\"position\":2,\"name\":\"Der Familientag 2022 in Moers &#8211; Informationen\"}]},{\"@type\":\"WebSite\",\"@id\":\"https:\/\/familiezahn.de\/#website\",\"url\":\"https:\/\/familiezahn.de\/\",\"name\":\"Familie Zahn\",\"description\":\"Eine weitere WordPress-Website\",\"potentialAction\":[{\"@type\":\"SearchAction\",\"target\":{\"@type\":\"EntryPoint\",\"urlTemplate\":\"https:\/\/familiezahn.de\/?s={search_term_string}\"},\"query-input\":{\"@type\":\"PropertyValueSpecification\",\"valueRequired\":true,\"valueName\":\"search_term_string\"}}],\"inLanguage\":\"en-US\"}]}<\/script>\n<!-- \/ Yoast SEO plugin. -->","yoast_head_json":{"title":"Der Familientag 2022 in Moers - Informationen - Familie Zahn","robots":{"index":"index","follow":"follow","max-snippet":"max-snippet:-1","max-image-preview":"max-image-preview:large","max-video-preview":"max-video-preview:-1"},"canonical":"https:\/\/familiezahn.de\/en\/der-familientag-2022-in-moers-informationen\/","og_locale":"en_US","og_type":"article","og_title":"Der Familientag 2022 in Moers - Informationen - Familie Zahn","og_url":"https:\/\/familiezahn.de\/en\/der-familientag-2022-in-moers-informationen\/","og_site_name":"Familie Zahn","article_modified_time":"2023-12-05T06:48:47+00:00","twitter_card":"summary_large_image","twitter_misc":{"Est. reading time":"1 minute"},"schema":{"@context":"https:\/\/schema.org","@graph":[{"@type":"WebPage","@id":"https:\/\/familiezahn.de\/der-familientag-2022-in-moers-informationen\/","url":"https:\/\/familiezahn.de\/der-familientag-2022-in-moers-informationen\/","name":"Der Familientag 2022 in Moers - Informationen - Familie Zahn","isPartOf":{"@id":"https:\/\/familiezahn.de\/#website"},"datePublished":"2023-11-13T17:55:49+00:00","dateModified":"2023-12-05T06:48:47+00:00","breadcrumb":{"@id":"https:\/\/familiezahn.de\/der-familientag-2022-in-moers-informationen\/#breadcrumb"},"inLanguage":"en-US","potentialAction":[{"@type":"ReadAction","target":["https:\/\/familiezahn.de\/der-familientag-2022-in-moers-informationen\/"]}]},{"@type":"BreadcrumbList","@id":"https:\/\/familiezahn.de\/der-familientag-2022-in-moers-informationen\/#breadcrumb","itemListElement":[{"@type":"ListItem","position":1,"name":"Startseite","item":"https:\/\/familiezahn.de\/"},{"@type":"ListItem","position":2,"name":"Der Familientag 2022 in Moers &#8211; Informationen"}]},{"@type":"WebSite","@id":"https:\/\/familiezahn.de\/#website","url":"https:\/\/familiezahn.de\/","name":"Zahn family","description":"Eine weitere WordPress-Website","potentialAction":[{"@type":"SearchAction","target":{"@type":"EntryPoint","urlTemplate":"https:\/\/familiezahn.de\/?s={search_term_string}"},"query-input":{"@type":"PropertyValueSpecification","valueRequired":true,"valueName":"search_term_string"}}],"inLanguage":"en-US"}]}},"_links":{"self":[{"href":"https:\/\/familiezahn.de\/en\/wp-json\/wp\/v2\/pages\/1446","targetHints":{"allow":["GET"]}}],"collection":[{"href":"https:\/\/familiezahn.de\/en\/wp-json\/wp\/v2\/pages"}],"about":[{"href":"https:\/\/familiezahn.de\/en\/wp-json\/wp\/v2\/types\/page"}],"author":[{"embeddable":true,"href":"https:\/\/familiezahn.de\/en\/wp-json\/wp\/v2\/users\/2"}],"replies":[{"embeddable":true,"href":"https:\/\/familiezahn.de\/en\/wp-json\/wp\/v2\/comments?post=1446"}],"version-history":[{"count":3,"href":"https:\/\/familiezahn.de\/en\/wp-json\/wp\/v2\/pages\/1446\/revisions"}],"predecessor-version":[{"id":1449,"href":"https:\/\/familiezahn.de\/en\/wp-json\/wp\/v2\/pages\/1446\/revisions\/1449"}],"wp:attachment":[{"href":"https:\/\/familiezahn.de\/en\/wp-json\/wp\/v2\/media?parent=1446"}],"curies":[{"name":"wp","href":"https:\/\/api.w.org\/{rel}","templated":true}]}}

<div class="wpb-content-wrapper"><div class="vc_row wpb_row vc_row-fluid dt-default" style="margin-top: 0px;margin-bottom: 0px"><div class="wpb_column vc_column_container vc_col-sm-12"><div class="vc_column-inner"><div class="wpb_wrapper"><div class="ult-spacer spacer-69f2d73923265" data-id="69f2d73923265" data-height="40" data-height-mobile="40" data-height-tab="40" data-height-tab-portrait="" data-height-mobile-landscape="" style="clear:both;display:block;"></div></div></div></div></div><div class="vc_row wpb_row vc_row-fluid dt-default" style="margin-top: 0px;margin-bottom: 0px"><div class="wpb_column vc_column_container vc_col-sm-4"><div class="vc_column-inner"><div class="wpb_wrapper"><div class="vc_empty_space"   style="height: 32px"><span class="vc_empty_space_inner"></span></div></div></div></div><div class="wpb_column vc_column_container vc_col-sm-8"><div class="vc_column-inner"><div class="wpb_wrapper"><section class="shortcode-teaser img-full"><div class="shortcode-teaser-content text-big"><h4>Anmeldung: Bitte meldet euch bis zum 01.06. 2022 an, indem ihr das Anmeldeformular ausgefüllt an Sabine sendet (Adresse s.u.).<span class="Apple-converted-space"> </span></h4>
<h4>Hotelreservierung: Wir haben bis zum 15.06.2022 im Hotel „Dampfmühle“ in Neukirchen-Vluyn ein Zimmerkontingent reserviert (Stichwort „Familie Zahn“). Die Preise betragen € 70,00 für ein Einzelzimmer und € 90,00 für ein Doppelzimmer (jeweils inkl. Frühstück). Bei Interesse bitten wir Euch, direkt dort zu buchen (Adresse s.u.).<span class="Apple-converted-space"> </span></h4>
<h4>Abendessen: finden am Freitag, 30.09, und Samstag, 01.10., im Hotel „Dampfmühle“ im Restaurant „Jule ́s“ statt. Wir speisen à la Carte. Jeder bezahlt bitte selbst.<span class="Apple-converted-space"> </span></h4>
<p>&nbsp;</p>
<h2>Adressen</h2>
<div class="page" title="Page 1">
<div class="layoutArea">
<div class="column">
<h3>Hotel „Dampfmühle“</h3>
<h4>Krefelder Straße 9, 47506 Neukirchen-Vlyn</h4>
<h3>Grafschafter Wirtshaus</h3>
<h4>Kastell 5, 47441 Moers</h4>
<h3>Zahn ́sches Familienarchiv</h3>
<h4>Wilhelm-Schröder-Straße 10, 47441 Moers</h4>
<h3>Zahn ́scher Familienfriedhof</h3>
<h4>Vinner Straße 75, 47447 Moers</h4>
<h3>Schloss Moers</h3>
<h4>Kastell 9, 47441 Moers</h4>
<h3>Martinstift</h3>
<p>&nbsp;</p>
</div>
</div>
</div>
</div></section></div></div></div><div class="wpb_column vc_column_container vc_col-sm-12"><div class="vc_column-inner"><div class="wpb_wrapper"></div></div></div></div>
</div>
